ive of -4/3*z**3 + 1/20*z**5 + 5*z + 4*z**2 + 2/3*z**4 + 0. Give o(-9).
-1
Let x(f) be the first derivative of f**4/4 - 10*f**3/3 - 11*f**2/2 + 7*f - 100. Determine x(11).
7
Let k be (-22)/(-3) - 2/(-3). Let u(l) be the second derivative of l**3/6 - l**2 - 2917*l. Give u(k).
6
Let v(j) be the second derivative of j**4/6 + 7*j**3/6 - 5*j**2 - j + 21. Determine v(-7).
39
Let s(z) = -z + 7. Let j be s(5). Let o(m) = 8*m**2 - 3*m + 6. Let b(t) = 7*t**2 - 3*t + 5. Let l(d) = -6*b(d) + 5*o(d). What is l(j)?
-2
Let x(z) = -3*z - 1 - 1 + 3. Suppose -15*b = -263 + 293. Give x(b).
7
Let s(p) = -2*p**2 + 6*p + 61. Let y(z) = -z**2 + 3*z + 28. Let f(g) = -6*s(g) + 13*y(g). What is f(3)?
-2
Let a be (40/(-25))/(3/60) + -2. Let b = a + 30. Let c(j) = -2*j - 2. Give c(b).
6
Let x(l) = -34 + 9 - 22*l + 77*l. Let d(g) = 9*g - 4. Let j(s) = -25*d(s) + 4*x(s). Let a(m) = 2*m - 5. Let h be a(3). Give j(h).
-5
Let w(r) = -3*r - 4. Suppose 4*n - 4 = 5*n. Let a be (55 - 3)*(-9)/n. Let f be (4/6)/((-26)/a). Give w(f).
5
Suppose -2*k - 2*k = -k. Let o(j) be the third derivative of k*j + 0 + j**3 - 5*j**2 - 5/24*j**4 + 1/60*j**5. Give o(4).
2
Let y(k) be the second derivative of k**3/2 - 9*k**2/2 - 1528*k. Suppose -5*w - 2*z + 40 = 0, 3*z = -5*w - 15 + 60. What is y(w)?
9
Let u(t) be the first derivative of -2*t - 14 - 1/3*t**3 - 1/2*t**2. Suppose 5*l + 10 = -0*l. Give u(l).
-4
Let g(n) be the third derivative of n**6/120 + 13*n**5/60 + n**4/24 + 3*n**3/2 - 400*n**2 + 1. Determine g(-13).
-4
Let x(g) = 2*g. Suppose -4*f - 131 = 313. Let o = f - -115. Calculate x(o).
8
Let h(x) = -13. Let t(r) = -16*r + 32*r - 40 - 17*r. Let w(c) = 7*h(c) - 2*t(c). What is w(9)?
7
Let d(y) be the third derivative of -2*y**4/3 + 136*y**2 - 3. What is d(2)?
-32
Let t be 2/(-10) + (-36)/(-5). Let m(d) be the second derivative of 0 - 13*d + 0*d**3 + 7/12*d**4 - 9/2*d**2 - 1/20*d**5. Determine m(t).
-9
Let v(s) = s**2 - 3*s - 5. Let t be v(4). Let r(a) be the second derivative of -20*a - 1/2*a**2 - 1/6*a**3 + 0 + 1/12*a**4. Give r(t).
1
Suppose 2*s - 3*s = 0. Let f(n) = -n - 5. Let d(b) = -4*b - 20. Let x(z) = 2*d(z) - 9*f(z). Calculate x(s).
5
Let n(b) = 21*b - 120. Let u(w) = -4*w + 24. Let s(p) = 2*n(p) + 11*u(p). Give s(13).
-2
Suppose -4*m - 20 = 4*z, z - 2 = 3*z. Let v(o) = 7*o - 5. Give v(m).
-33
Let f(d) = -7*d + 172. Let v be f(26). Let l(p) = p - 8. Calculate l(v).
-18
Let i(t) = 392*t - 778*t + 4 + 386*t - t**3. Calculate i(2).
-4
Let s(l) = -l**2 + l + 7. Let n(i) = -3*i**2 + 4*i + 20. Let z(a) = 3*n(a) - 8*s(a). Suppose 5*o + 12 = -3*t, -4*t + 3*o + 306 - 264 = 0. What is z(t)?
-8
Let w(z) = -2*z + 4. Let b be (-20)/4*(-7)/(-28)*4. Determine w(b).
14
Let x(t) be the second derivative of -t**5/20 + 5*t**4/12 - t**3/2 - 3*t. Let b = 159 + -251. Let u be (-4)/22 + b/(-22). Give x(u).
4
Let s be (4*27/(-36))/(6/4). Let x(b) = -3*b + 1. Determine x(s).
7
Suppose 2*t + 2*t = 4, 5*p - 8 = 2*t. Let j(z) = -5*z**p - z + 10*z**2 - 2*z - 4*z**2. What is j(4)?
4
Let v(r) be the second derivative of 0 - 12*r + 1/2*r**2 + 1/6*r**4 - 1/5*r**5 + 1/3*r**3. Determine v(-1).
5
Let j(u) = -u + 1. Let a be j(-4). Let r(d) = -d**2 + 27*d + 2. Let n(x) = x**2 - 19*x - 3. Let v(o) = 3*n(o) + 2*r(o). Calculate v(a).
5
Let p = 9 + -5. Let y(w) = -7*w + 12. Let u(k) = -18*k + 41. Let t(j) = 12*j - 27. Let d(g) = 8*t(g) + 5*u(g). Let l(n) = -6*d(n) - 5*y(n). Determine l(p).
2
Let x(y) = y**2 + y + 5. Let j = 291 - 291. Calculate x(j).
5
Let u = -77 + 75. Let w be (-33)/(-7) + (-14)/(-49). Let l(p) = -w*p + 1 - 2 - 1. What is l(u)?
8
Let k(u) be the third derivative of -u**5/60 + u**4/3 + u**3/3 - 2*u**2 - 44. Determine k(8).
2
Let k be 2/8*10*2. Let t(l) be the second derivative of -l**7/840 + l**6/72 - l**4/24 + l**3 - 12*l. Let b(i) be the second derivative of t(i). Give b(k).
-1
Let u(b) be the second derivative of -b**3/2 + b**2/2 - 34*b. Suppose 5*p + 3*a + 3 = 2*p, -4*p = -2*a + 4. Determine u(p).
4
Let x(w) = -w**2 - 9*w + 42. Let n(d) = d**2 + 8*d - 39. Let u(z) = -5*n(z) - 4*x(z). Give u(4).
-5
Let k(a) = -a**2 - 3*a - 3. Suppose -142*x - 16 = -134*x. Calculate k(x).
-1
Let a(h) be the second derivative of -h**4/6 + 3*h**3/2 + 4*h**2 + h + 42. Give a(8).
-48
Suppose f - 4*f = 3. Let z(b) = 5*b - 1. Let o(t) be the first derivative of 2*t**2 - t + 3. Let c(n) = 4*o(n) - 5*z(n). Determine c(f).
10
Let p(k) = k**3 - 8*k**2 + 7*k - 7. Suppose -3*n + n + 73 = -5*f, 0 = 4*n + f - 91. Let j = 31 - n. What is p(j)?
-7
Let i(y) = -11*y**2 + 49*y - 6. Let k(t) = -9*t**2 + 43*t - 6. Let p(l) = 5*i(l) - 6*k(l). Calculate p(-7).
48
Let n(r) = r**2 + 4*r + 1. Let k be n(-3). Let h(x) = -4*x - 1. Let u be h(k). Let j(p) = -p + 1. Let f(v) = -4*v + 11. Let i(q) = f(q) - 3*j(q). Give i(u).
1
Let p = 1670 - 1675. Let b(z) = z**2 + z - 11. Calculate b(p).
9
Let i(n) = 4*n**3 + 2*n - 1. Let m(d) = d - 1. Let l(q) = -q**2 - 2*q + 4. Let y = 28 - 27. Let g(o) = y*l(o) - 4*m(o). Let j be g(-7). Determine i(j).
5
Let i(w) = w**2 - 19*w + 29. Let f be i(17). Let d(y) be the second derivative of y**3/6 + 7*y**2/2 - 2*y. What is d(f)?
2
Let k = 3 - -12. Let w = 14 - k. Let p(n) = -11*n**3 + n**2 + 2*n. Let y(q) = 10*q**3 - q. Let z(h) = -2*p(h) - 3*y(h). Calculate z(w).
7
Suppose -2*k - a = a - 2, -3*k = 5*a + 3. Suppose -k*r + 4*i = 0, 5*i - 1 = 4*r - 4. Let o be -5*2*r/6. Let q(f) = f - 3. Give q(o).
2
Let x(c) = -124*c**2 + 123*c**2 - 3*c + c**3 + 0*c. Determine x(3).
9
Let v(d) = 3*d - 286 + 897 - 290 - 294. Give v(-7).
6
Let w(n) = n - 11. Suppose -4*g + 11 = 4*h + 3, 0 = -2*h + 4. Let l be (-588)/(-56) - ((-1)/(-2) - g). Calculate w(l).
-1
Let d(a) = 23*a + 338. Let k be d(-15). Let x(p) = -7*p - 49. What is x(k)?
0
Suppose -103 = 5*l - 158. Suppose -7*f - 16 = -4*a - 3*f, 0 = 5*a + 4*f - l. Let y(q) = -q + 4. Give y(a).
1
Let d be 1/((2*-1)/4). Let s(u) be the first derivative of 5*u**2 + u + 30. Determine s(d).
-19
Let i(x) = 4*x - 9. Let n(j) = -8*j + 23. Let s(q) = -5*i(q) - 2*n(q). What is s(3)?
-13
Let w(f) = 3*f - 3*f + 2*f - 4 + 17. Let k be w(-6). Let q(u) = u + 5 - 6 - k. Calculate q(3).
1
Let h(z) = z**2 - 49*z + 128. Let r be h(46). Let q(t) = -t**3 - 10*t**2 - 20. What is q(r)?
-20
Let g(b) be the first derivative of 2*b**3/3 - b**2 - 2*b + 582. Calculate g(-2).
10
Let j(b) = -b**3 + 5*b**2 + 7*b + 4. Let n(h) = -h**2 - 18*h + 13. Let c be n(-18). Suppose 17 + c = 5*g. Let i be g/(-21) + (-264)/(-42). Give j(i).
10
Suppose 6*r = 4*r + 4*v + 28, 9 = r - v. Let y(m) = -m**2 + 3*m - 1. Determine y(r).
-5
Let z(w) be the third derivative of 1/6*w**4 + 0*w - 1/2*w**3 + 2*w**2 + 0 - 1/60*w**5. What is z(6)?
-15
Let h(u) = 9*u**3 - 6*u**2 - 1. Let a(d) = -17*d**3 + 11*d**2 + 2. Let r(z) = 6*a(z) + 11*h(z). Let q = -11 + 9. Let l be (-1)/(q*(-2)/4). Determine r(l).
4
Let i(b) = 5*b**2 - b**3 - 1 - 8*b**2 + 0*b - 3 + 4*b**2 + b. Give i(-2).
6
Let k(o) = -o**2 - 2*o**2 + 0*o**2 - 4*o. Let s = -513 + 510. Give k(s).
-15
Let r(q) = -2*q - q**3 + 77 + 59 - 144 - 9*q**2 + 0*q**3. Let o = 14 + -23. Calculate r(o).
10
Let l(q) be the second derivative of 1/2*q**3 + 1/20*q**5 - 6*q - 1/3*q**4 - 2*q**2 + 0. Suppose -4*w = 3*r - 3, -7 = 2*r - 1. Determine l(w).
-4
Let q(l) = l**3 + 6*l**2 - 7*l - 3. Let m be q(-7). Let b be 5*m/(-4 - -1). Let h = b + -5. Let g(u) = -u**2 - 6. Give g(h).
-6
Let c(m) = -1 - 3*m**2 + 2*m**2 + 0*m**2 + 4*m. Suppose 23*o - 320 = -41*o. Give c(o).
-6
Suppose -2 = 3*d - 5. Let p(r) = 5*r**3 + 2*r**2 - 2*r + 1. What is p(d)?
6
Let t be (8/(-10))/((-8)/20 + 0). Let u be (t - 2)/(6/2). Let x(a) = a + 1. Calculate x(u).
1
Let o(y) = -11*y**3 - 22*y**2 + 27*y + 36. Let f(n) = -5*n**3 - 11*n**2 + 13*n + 17. Let r(t) = 9*f(t) - 4*o(t). Give r(-12).
45
Let z(i) be the second derivative of i**5/20 - i**4/6 - i**2/2 - 24*i. Calculate z(2).
-1
Let h(l) = l**3 + 2*l**2 - 8*l - 5. Let m(q) = -4*q**3 - q**2 + 12*q - 11. Let y be m(1). Give h(y).
-5
Suppose b + 16*z - 14*z - 15 = 0, -5*z = -25. Let f(j) be the third derivative of 2*j**2 + 1/24*j**4 - 1/6*j**3 - 1/12*j**b + 0 + 0*j. What is f(1)?
-5
Suppose -5*v - 2*v = -42. Let y(m) = m**2 + m - 1. Let a(b) = -b**3 + 7*b**2 + 3*b - 3. Let d(l) = a(l) - y(l). What is d(v)?
10
Let k be (-204)/(-119) + (-2)/(-7). Let n(f) = k*f**3 - 3*f**3 - 8 + 29 - 16 + 6*f*